{"id":18,"date":"2016-12-28T12:18:12","date_gmt":"2016-12-28T12:18:12","guid":{"rendered":"http:\/\/krauseimmo.de\/?page_id=18"},"modified":"2021-01-06T17:22:03","modified_gmt":"2021-01-06T17:22:03","slug":"impressum","status":"publish","type":"page","link":"https:\/\/krauseimmo.de\/?page_id=18","title":{"rendered":"Impressum"},"content":{"rendered":"<h1>Impressum<\/h1>\n<h2><b>Krause Immobilien<\/b><\/h2>\n<p>Zwingerstr. 9<br \/>\n73728 Esslingen am Neckar<\/p>\n<table cellspacing=\"0\" cellpadding=\"2\">\n<colgroup span=\"2\"><\/colgroup>\n<tbody>\n<tr>\n<td>Tel:<br \/>\nE-Mail:<br \/>\nHomepage:<\/td>\n<td>+49 711 5502518<br \/>\ninfo@krauseimmo.de<br \/>\n<a href=\"http:\/\/www.krauseimmo.de\/\">www.krauseimmo.de<\/a><\/td>\n<\/tr>\n<\/tbody>\n<\/table>\n<p>Krause Immobilien<br \/>\nJosef Krause<br \/>\nZwingerstra\u00dfe 9<br \/>\n73728 Esslingen am Neckar<\/p>\n<p>Zust\u00e4ndige Aufsichtsbeh\u00f6rde f\u00fcr die T\u00e4tigkeit nach \u00a7 34c GewO:<br \/>\nIHK Region Stuttgart<br \/>\nJ\u00e4gerstra\u00dfe. 30<br \/>\n70174 Stuttgart<\/p>\n<p>Finanzamt Esslingen a.N.<br \/>\nID-Nr: 82 304 576 134<\/p>\n<p>Haftungshinweis:<br \/>\nTrotz sorgf\u00e4ltiger inhaltlicher Kontrolle \u00fcbernehmen wir keine Haftung f\u00fcr die Inhalte externer Links. F\u00fcr den Inhalt der verlinkten Seiten sind ausschlie\u00dflich deren Betreiber verantwortlich.<\/p>\n<p>Plattform der EU-Kommission zur Online-Streitbeilegung: <a href=\"http:\/\/www.ec.europa.eu\/consumers\/odr\/\">www.ec.europa.eu\/consumers\/odr<\/a><\/p>\n<h2><b>Datenschutzhinweis<\/b><\/h2>\n<p>Ihre Angaben werden ausschlie\u00dflich an den Immobilien-Anbieter weitergeleitet &#8211; entsprechend den gesetzlichen Datenschutzbestimmungen. Ihre Angaben werden nicht verkauft oder unbefugt an Dritte weitergegeben.<\/p>\n<h2>AGBs<\/h2>\n<p>Unsere Allgemeinen Gesch\u00e4ftsbedingungen k\u00f6nnen Sie hier als .PDF-Datei herunterladen:<a href=\"https:\/\/krauseimmo.de\/wp-content\/uploads\/2020\/12\/Allgemeine_Geschaeftsbedingungen_Krause_Immobilien.pdf\"><br \/>\nDownload: Allgemeine Gesch\u00e4ftsbedingungen<\/a><\/p>\n","protected":false},"excerpt":{"rendered":"<p>Impressum Krause Immobilien Zwingerstr. 9 73728 Esslingen am Neckar Tel: E-Mail: Homepage: +49 711 5502518 info@krauseimmo.de www.krauseimmo.de Krause Immobilien Josef Krause Zwingerstra\u00dfe 9 73728 Esslingen am Neckar Zust\u00e4ndige Aufsichtsbeh\u00f6rde f\u00fcr die T\u00e4tigkeit nach \u00a7 34c GewO: IHK Region Stuttgart J\u00e4gerstra\u00dfe. 30 70174 Stuttgart Finanzamt Esslingen a.N. ID-Nr: 82 304 576 134 Haftungshinweis: Trotz sorgf\u00e4ltiger inhaltlicher [&hellip;]<\/p>\n","protected":false},"author":2,"featured_media":0,"parent":0,"menu_order":0,"comment_status":"closed","ping_status":"closed","template":"","meta":[],"wppr_data":{"cwp_meta_box_check":"No"},"_links":{"self":[{"href":"https:\/\/krauseimmo.de\/index.php?rest_route=\/wp\/v2\/pages\/18"}],"collection":[{"href":"https:\/\/krauseimmo.de\/index.php?rest_route=\/wp\/v2\/pages"}],"about":[{"href":"https:\/\/krauseimmo.de\/index.php?rest_route=\/wp\/v2\/types\/page"}],"author":[{"embeddable":true,"href":"https:\/\/krauseimmo.de\/index.php?rest_route=\/wp\/v2\/users\/2"}],"replies":[{"embeddable":true,"href":"https:\/\/krauseimmo.de\/index.php?rest_route=%2Fwp%2Fv2%2Fcomments&post=18"}],"version-history":[{"count":28,"href":"https:\/\/krauseimmo.de\/index.php?rest_route=\/wp\/v2\/pages\/18\/revisions"}],"predecessor-version":[{"id":99,"href":"https:\/\/krauseimmo.de\/index.php?rest_route=\/wp\/v2\/pages\/18\/revisions\/99"}],"wp:attachment":[{"href":"https:\/\/krauseimmo.de\/index.php?rest_route=%2Fwp%2Fv2%2Fmedia&parent=18"}],"curies":[{"name":"wp","href":"https:\/\/api.w.org\/{rel}","templated":true}]}}